?
84
What is the remainder when 372879 is divided by 344?
327
What is the remainder when 1917444 is divided by 213037?
111
What is the remainder when 347592 is divided by 19307?
66
Calculate the remainder when 68753 is divided by 33636.
1481
What is the remainder when 9831290 is divided by 162?
158
Calculate the remainder when 587826 is divided by 61.
30
Calculate the remainder when 158596036 is divided by 2110.
2106
What is the remainder when 1055282 is divided by 8311?
8096
What is the remainder when 39489979 is divided by 271?
130
What is the remainder when 83539 is divided by 568?
43
Calculate the remainder when 525044 is divided by 107.
102
What is the remainder when 286980 is divided by 1162?
1128
What is the remainder when 2932167 is divided by 272?
7
What is the remainder when 1406324 is divided by 48468?
752
Calculate the remainder when 95628 is divided by 2033.
77
Calculate the remainder when 180925 is divided by 5965.
1975
What is the remainder when 12209181 is divided by 234?
231
What is the remainder when 3055540 is divided by 57?
55
Calculate the remainder when 981718 is divided by 81803.
82
Calculate the remainder when 16392759 is divided by 8.
7
What is the remainder when 180417 is divided by 1584?
1425
What is the remainder when 32360366 is divided by 6?
2
Calculate the remainder when 1754103 is divided by 6199.
5985
Calculate the remainder when 13821744 is divided by 13821713.
31
What is the remainder when 2507530 is divided by 835705?
415
What is the remainder when 134863149 is divided by 67431569?
11
Calculate the remainder when 26089180 is divided by 41.
19
What is the remainder when 145873201 is divided by 2337?
2335
Calculate the remainder when 50019426 is divided by 55763.
15
What is the remainder when 151669039 is divided by 6?
1
What is the remainder when 98767131 is divided by 651?
15
Calculate the remainder when 4342240 is divided by 216.
208
Calculate the remainder when 52852 is divided by 48845.
4007
What is the remainder when 132314533 is divided by 1082?
1081
Calculate the remainder when 92678 is divided by 18080.
2278
Calculate the remainder when 428886 is divided by 282.
246
What is the remainder when 744473543 is divided by 2231?
2229
What is the remainder when 2932340 is divided by 98?
82
Calculate the remainder when 1445537 is divided by 47.
5
What is the remainder when 175979 is divided by 113?
38
Calculate the remainder when 45662 is divided by 4237.
3292
What is the remainder when 297074 is divided by 223?
38
Calculate the remainder when 26874473 is divided by 33.
32
Calculate the remainder when 236154 is divided by 47184.
234
What is the remainder when 3117 is divided by 550?
367
Calculate the remainder when 27069244 is divided by 62.
44
Calculate the remainder when 3149116 is divided by 81.
79
What is the remainder when 667108 is divided by 8894?
58
Calculate the remainder when 53304 is divided by 1211.
20
What is the remainder when 89526 is divided by 2355?
36
What is the remainder when 51726379 is divided by 20?
19
What is the remainder when 1917072 is divided by 1115?
387
What is the remainder when 4610850 is divided by 27?
6
What is the remainder when 5695869 is divided by 5713?
8
Calculate the remainder when 2802799 is divided by 284.
3
What is the remainder when 270147 is divided by 871?
137
What is the remainder when 9937 is divided by 422?
231
What is the remainder when 735903 is divided by 33427?
509
Calculate the remainder when 445398 is divided by 17.
15
What is the remainder when 4071351 is divided by 2507?
2490
Calculate the remainder when 103776795 is divided by 1046.
1043
Calculate the remainder when 24793574 is divided by 28047.
26
What is the remainder when 31778960 is divided by 382?
380
Calculate the remainder when 7985584 is divided by 266.
264
What is the remainder when 3991364 is divided by 925?
914
Calculate the remainder when 40891 is divided by 3130.
201
What is the remainder when 785355 is divided by 84?
39
Calculate the remainder when 5917073 is divided by 328669.
1031
Calculate the remainder when 257771 is divided by 12886.
51
Calculate the remainder when 29328207 is divided by 18.
15
What is the remainder when 34713 is divided by 298?
145
Calculate the remainder when 76984446 is divided by 7698444.
6
Calculate the remainder when 1595379 is divided by 48344.
27
Calculate the remainder when 1313650 is divided by 731.
43
What is the remainder when 6560 is divided by 2470?
1620
What is the remainder when 3140142 is divided by 1570069?
4
What is the remainder when 12684959 is divided by 12?
11
What is the remainder when 26895995 is divided by 2689596?
35
Calculate the remainder when 312945 is divided by 240.
225
Calculate the remainder when 13780423 is divided by 2.
1
What is the remainder when 32565 is divided by 854?
113
What is the remainder when 134692 is divided by 130?
12
Calculate the remainder when 73257 is divided by 23918.
1503
What is the remainder when 6777262 is divided by 68?
42
Calculate the remainder when 520440 is divided by 77.
74
What is the remainder when 2004385 is divided by 400870?
35
What is the remainder when 873445 is divided by 48522?
49
What is the remainder when 8499672 is divided by 118?
14
What is the remainder when 1004302 is divided by 636?
58
What is the remainder when 38038882 is divided by 475486?
2
What is the remainder when 74417 is divided by 74001?
416
Calculate the remainder when 25209194 is divided by 1680612.
14
Calculate the remainder when 718033 is divided by 13547.
42
Calculate the remainder when 456970 is divided by 1706.
1468
Calculate the remainder when 1074415 is divided by 18.
13
Calculate the remainder when 2431748 is divided by 809813.
2309
Calculate the remainder when 174908 is divided by 656.
412
Calculate the remainder when 8369163 is divided by 216.
27
What is the remainder when 2313 is divided by 305?
178
Calculate the remainder when 103249461 is divided by 35.
21
Calculate the remainder when 22034408 is divided by 18.
14
Calculate the remainder when 230288 is divided by 10466.
36
What is the remainder when 113214237 is divided by 5256?
5253
Calculate the remainder when 3172091 is divided by 73.
22
What is the remainder when 1149755 is divided by 1527?
1451
Calculate the remainder when 7836453 is divided by 95.
93
What is the remainder when 353833735 is divided by 1157?
1152
Calculate the remainder when 467305 is divided by 187.
179
What is the remainder when 68511890 is divided by 5539?
5538
What is the remainder when 384044 is divided by 48001?
36
What is the remainder when 1359886 is divided by 1055?
1046
Calculate the remainder when 107637 is divided by 5118.
159
What is the remainder when 612547 is divided by 371?
26
What is the remainder when 19061699 is divided by 358?
347
What is the remainder when 412093 is divided by 2020?
13
What is the remainder when 2505010 is divided by 34?
26
Calculate the remainder when 172932203 is divided by 95.
93
What is the remainder when 4104049 is divided by 2052014?
21
Calculate the remainder when 107137 is divided by 4152.
3337
Calculate the remainder when 2848113 is divided by 13.
8
What is the remainder when 2672018 is divided by 721?
713
What is the remainder when 906416 is divided by 3382?
40
Calculate the remainder when 53313665 is divided by 645.
545
What is the remainder when 527085 is divided by 994?
265
Calculate the remainder when 230288290 is divided by 3865.
3860
What is the remainder when 273615 is divided by 89450?
5265
What is the remainder when 1092216 is divided by 364072?
0
What is the remainder when 90786 is divided by 7551?
174
Calculate the remainder when 449138 is divided by 2780.
1558
What is the remainder when 224393 is divided by 4789?
4099
What is the remainder when 4074130 is divided by 116392?
410
What is the remainder when 1919069 is divided by 747?
26
Calculate the remainder when 8215306 is divided by 15678.
34
What is the remainder when 1497358 is divided by 44?
38
Calculate the remainder when 16933472 is divided by 23.
21
What is the remainder when 13926961 is divided by 2709?
2701
What is the remainder when 185125 is divided by 91852?
1421
What is the remainder when 1104584 is divided by 16?
8
Calculate the remainder when 191074 is divided by 